g. What is the tens digit of u?
9
Let s(g) = 59*g**2 - 3*g - 1. Suppose -8*i = i - 9. Suppose -5 = 4*x - i. What is the tens digit of s(x)?
6
Suppose 6 = 5*p + 96. Suppose 8*x + 57 = 9*x. Let s = p + x. What is the tens digit of s?
3
Let h(p) = 11884*p - 3756. What is the tens digit of h(3)?
9
Let r = 6683 + -10606. Let b = 6497 + r. Suppose 11 + b = 11*n. What is the units digit of n?
5
Let k = 557 - -124. What is the units digit of k?
1
Let r = 108 - 214. Suppose 7*c + 252 = -4*i + 3*c, -3*i - 2*c - 190 = 0. Let v = i - r. What is the tens digit of v?
4
Let g = 812 - 364. What is the tens digit of g - (2 + (5 - 5))?
4
Let x = 32263 + 34383. What is the tens digit of x?
4
Suppose -21134 + 2360 - 20661 = -11*z. What is the thousands digit of z?
3
Let l = -4750 - -7217. Suppose -9*z + l + 1700 = 0. What is the tens digit of z?
6
Let j(z) = 1733*z + 5112. What is the tens digit of j(7)?
4
Suppose 71*z - 30832 = 30*z. What is the hundreds digit of z?
7
Let q(u) = 4*u**2 - 24*u - 180. Let b be q(-8). What is the tens digit of 7 - b/40 - (-31674)/20?
8
Let j be (2/((-4)/107))/((-80)/160). Let v = -113 + j. Let o(k) = -17*k + 12. What is the hundreds digit of o(v)?
1
Let t = 381 + -377. Suppose 2*o = -0*l + l + 2277, o = t*l + 1121. What is the units digit of o?
1
Let l(k) = -k**2 + 24*k + 124. Let b be l(27). Let y be 0/(2/(-1)) + 1. What is the tens digit of b - (y - 1) - (10 - 11)?
4
Suppose -600*k = -589*k - 131780. Suppose -19*u + k = -9*u. What is the hundreds digit of u?
1
Suppose -21*p - 187028 = -5*p - 993188. What is the tens digit of p?
8
Suppose 2*b + 3*z = -0*b + 2055, -4*b + 3*z + 4155 = 0. Suppose -4*l + 817 = -b. What is the hundreds digit of l?
4
Suppose 0 = -9*a - 4*a + 12688. Let r be (a/24)/((-3)/(-9)). Let z = 221 - r. What is the units digit of z?
9
Let o(n) = 7*n**2 + 37 - 36 + 1 - 23*n. What is the tens digit of o(5)?
6
Suppose 0*d - 26 = d + 2*o, -5*d = 2*o + 154. Let q = -29 - d. Suppose -u = k - 5*u - 58, -2*k + q*u = -106. What is the tens digit of k?
5
Let w = -132 + 212. Suppose 5*f - w = -5*a, -3*f + 60 = f + 5*a. Suppose -4*h + f = -0*h, h + 88 = 3*j. What is the tens digit of j?
3
Let a(c) be the second derivative of c**5/10 + 7*c**4/3 - 17*c**3/3 - 6*c**2 + 34*c + 2. What is the tens digit of a(-15)?
4
What is the thousands digit of (11 - ((-44248)/(-20) - 15))*(-10)/4?
5
Let m be 8850 + -99 - ((-1 - -2) + 2). Suppose 10*i - 16*i = -m. What is the hundreds digit of i?
4
Let r be 4/(-18) - 3289/(-99). Let f = 35 - r. Suppose -45 = -f*d + d + 3*m, 3*d + m - 165 = 0. What is the tens digit of d?
5
Suppose 39 = -5*y + 49. Let p(f) = -f**3 + 2*f**2 + 3. Let v be p(y). Suppose -342 = -3*n + 3*u, -8*u + 3*u = -v*n + 342. What is the tens digit of n?
1
Suppose -2*i - 3 - 9 = 0. What is the tens digit of i*(-5 + 59/(-3))?
4
What is the units digit of -12 + (-13)/(-2) + 12/(-8) + 58272?
5
Let v(c) = -4*c + 22. Let u be (2 + -5)*-1 - -2. Let l be v(u). Suppose 0 = 4*y + l*a + 2*a - 36, -5*a = -25. What is the units digit of y?
4
Let j(y) = -3*y**2 + 50*y - 11. Let g be j(12). Suppose -g = 4*v - 805. What is the units digit of v?
2
Let b(x) = -897*x - 533. What is the hundreds digit of b(-9)?
5
Suppose 5*l + 1998 = h + 411, -3*l = -h + 1589. What is the tens digit of h?
9
Suppose 0 = -20*b + 7*b + 78. Let l = -27 + 39. Suppose 2*f + 3*t = 185, 2*t - b*t = -l. What is the tens digit of f?
8
Suppose 3*u = -u - 3*n + 1146, 5*n = -5*u + 1430. Suppose 0 = -5*a + 13*a - u. Suppose a = -q + 137. What is the hundreds digit of q?
1
Let c = 12062 - 5969. Suppose -3884 - c = -11*p. What is the hundreds digit of p?
9
Let p = -292 - -692. Suppose -428 = -3*t + p. What is the units digit of t?
6
Suppose 2*u - 5*z = -10, -3*u + z + 3 + 8 = 0. Suppose 5 = u*g, 0*g + g + 23 = 2*r. Suppose -3*q + 15 = -r. What is the units digit of q?
9
What is the hundreds digit of 5682/(2 + -4 - 0)*-2?
6
Suppose 0 = 5*g - 10, -5*d + 27 - 6 = 3*g. Suppose 5*r = -5*s, 0*r - d = 2*s - r. What is the units digit of (-1 + 1/s)*(-282)/4?
1
Let k = 23 + 279. Suppose 2*q + 2*m + 2*m - k = 0, 0 = q - 3*m - 171. Let v = q + -56. What is the units digit of v?
3
Let r = 201107 - 105894. What is the hundreds digit of r?
2
Let b be (-21 + -2 + -5 + 3)*-1. What is the tens digit of (b/(-10))/(4/(-1928))?
0
Let a(p) = -77 + 111 + 29*p + 80*p. What is the units digit of a(5)?
9
Let v(w) = 44*w**2 + 69*w + 10. Let l(s) = 43*s**2 + 67*s + 11. Let t(d) = -3*l(d) + 4*v(d). What is the hundreds digit of t(-6)?
2
Suppose 405*k = 379*k + 45084. What is the hundreds digit of k?
7
Suppose 4*x + 150 = 6*x. Let z = x - 38. Suppose 0 = 4*q - 3*j + 7*j - 208, 4*j - z = -q. What is the units digit of q?
7
Let l = -693 + 35. Let b = l - -984. What is the units digit of b?
6
Let k be 3 + 3*(-10)/(-15). What is the thousands digit of 4/(-10)*k + -3 - -1259?
1
Let j(w) = 97*w**2 + 28*w - 152. Let o be j(11). Suppose 26*d - 33*d = -o. What is the units digit of d?
9
What is the tens digit of (12 + -1)*1719367/1729 + 4/14?
3
Let r be (-12820)/(-14) + 0 - 46/(-161). Suppose 8*k - 3412 - r = 0. What is the units digit of k?
1
Let g = 16 - 28. Let a = g - -12. Suppose -290 = -3*k - 5*s, a = 3*s + 6. What is the units digit of k?
0
Let k(p) = -p**3 - 24*p**2 + 34*p. Let v be k(-25). Let t = v - -814. What is the tens digit of t?
8
Let c(u) = -8*u + 206. Let x be c(25). What is the units digit of (5/(-15))/(x/(-21618))?
1
Let t(o) = 24*o**2 - 30*o - 3. Suppose -25 = -5*z + 5*c, c - 6*c = -3*z + 11. What is the tens digit of t(z)?
6
Let m = 62478 + -14454. What is the ten thousands digit of m?
4
Let g(j) = j**3 - 7*j**2 - 3*j + 54. Let w be g(7). What is the units digit of (-2 - 589)/(w/(-44)) + 3?
1
Let b(t) = 33*t**2 - 292*t - 377. What is the tens digit of b(44)?
6
Suppose 37*x - 36*x = -4*w + 26668, -5*x - 3*w + 133272 = 0. What is the thousands digit of x?
6
Suppose 16*i = 99128 + 104904. What is the thousands digit of i?
2
Let d = -168 - -111. Let c be 19/38*(d - 1). Let q = 62 + c. What is the tens digit of q?
3
Suppose -5*u = 2*t - 851, u + 2*u - 519 = -4*t. Suppose p - u = -12*p. Let o(m) = 2*m**2 - 18*m + 12. What is the units digit of o(p)?
6
Suppose -6*h - 5 = -11. Let d be -2 - (h + 0) - (-177 - 9). Suppose -5*m + 2*q + 888 = 0, q - 517 = -4*m + d. What is the units digit of m?
6
Suppose -69 = 37*g - 33*g - 5*k, -3*g + 5*k - 53 = 0. Let p(b) = -48*b + 57. What is the hundreds digit of p(g)?
8
Let p(w) = -w**3 + 10*w**2 + 30*w - 19. Let f be p(13). Let r = f - -867. What is the hundreds digit of r?
7
Let s(b) = b**3 - 7*b**2 - 3*b - 10. Let a be s(8). What is the units digit of 5/a*-82*-27?
9
What is the thousands digit of (-360)/(-4 + (-2)/3*(-21549)/3608)?
9
Let h be (3 + -5)*9*2. Let d = 71 - h. What is the tens digit of d?
0
Suppose 18 = -5*y + 4*f, 1 - 13 = y + 2*f. What is the hundreds digit of (-6094)/y - (40/(-30))/4?
0
Suppose -4*p + 77 = 7*p. Let n(b) = -5*b + 52. What is the units digit of n(p)?
7
Let d be -3*6/117 - (-16818)/(-26). Let s = d + 1108. What is the hundreds digit of s?
4
Suppose -18*k + 18771 + 14745 = 0. Suppose -5*h - 2*w + k = 0, 33*h = 30*h + w + 1115. What is the units digit of h?
2
Let s be 17/((-85)/(-285)) - 10. Let t(w) = w**3 - 3*w**2 - 6. Let b be t(5). Let l = s - b. What is the units digit of l?
3
Let f = 3213 - 2184. Let m = f - 403. What is the tens digit of m?
2
Let c(i) = -5*i**3 + 22*i**2 + 96*i + 1017. What is the hundreds digit of c(-17)?
3
Suppose 205*b = 191*b + 112. What is the tens digit of 1167 + (0/7 - b)?
5
Let q be (195/12)/((-16)/(-2880)). Suppose 4*d + 2*b - 715 = 3*d, 0 = -4*d + 5*b + q. What is the units digit of d?
5
Suppose 2*x + 279 = -5*r - 58, 0 = 2*r - 3*x + 150. Let a = 70 + r. What is the units digit of 2 + a + 54 + (1 - 4)?
4
Suppose 118545 = 5*u - 3*c - 21996, 5*c = -10. What is the units digit of u?
7
Let n(s) = -s**2 - 12*s - 27. Let v be ((-4)/(-10))/(1 + 32/(-30)). Let w be n(v). Suppose 0 = 6*z - w*z + 453. What is the tens digit of z?
5
Let r(y) = y**3 - 2*y**2 - 2*y - 2. Let b be r(3). Suppose 4*g + 0 = -4*u - 4, -3*u - 2*g = -b. What is the hundreds digit of 4/(364/120 - u)?
1
Let l(v) = 24*v**2 + v - 3. Let t = 34 + -37. What is the hundreds digit of l(t)?
2
Let f(j) = 1547*j**2. Let k be f(1). Suppose -6*a = -